{"id":6187,"date":"2023-08-23T14:00:56","date_gmt":"2023-08-23T14:00:56","guid":{"rendered":"https:\/\/beintoo.com\/?page_id=6187"},"modified":"2023-08-24T06:20:53","modified_gmt":"2023-08-24T06:20:53","slug":"informativa-gdpr-fornitori-clienti-2","status":"publish","type":"page","link":"https:\/\/beintoo.com\/es\/informativa-gdpr-fornitori-clienti-2\/","title":{"rendered":"Pol\u00edtica de privacidad Selecci\u00f3n de personal"},"content":{"rendered":"\n<div class=\"wp-block-group\"><div class=\"wp-block-group__inner-container is-layout-constrained wp-block-group-is-layout-constrained\">\n<h2 class=\"wp-block-heading\"><strong>Informativa Privacy<\/strong><\/h2>\n\n\n\n<p><strong>Selezione del personale<\/strong><\/p>\n\n\n\n<p><em>La presente informativa ha lo scopo di fornire tutte le informazioni sul trattamento dei dati personali effettuato da <\/em><strong><em>Beintoo S.p.a.<\/em><\/strong><em> quando gli interessati inviano una candidatura lavorativa (come di seguito meglio indicato).<\/em><\/p>\n\n\n\n<ol class=\"wp-block-list\">\n<li><strong>INTRODUZIONE &#8211; CHI SIAMO?<\/strong><\/li>\n<\/ol>\n\n\n\n<p><strong>Beintoo S.p.a.<\/strong> con sede legale in Largo Richini 2, 20122, Milano (Italia), P.IVA e Codice Fiscale n\u00b0 07295690965, iscritta al Registro delle Imprese di Milano al n\u00b0 Mi-1949117 (di seguito, \u201c<strong>Titolare<\/strong>\u201d), in qualit\u00e0 di <strong>titolare del trattamento dei dati personali<\/strong> degli interessati che inviano candidature lavorative (di seguito, \u201c<strong>Interessati<\/strong>\u201d) fornisce qui di seguito l\u2019informativa privacy ai sensi del Regolamento UE 2016\/679 del 27 aprile 2016 (di seguito, \u201c<strong>Regolamento<\/strong>\u201d o \u201c<strong>Normativa Applicabile<\/strong>\u201d).<\/p>\n\n\n\n<ol class=\"wp-block-list\" start=\"2\">\n<li><strong>COME CONTATTARCI?<\/strong><\/li>\n<\/ol>\n\n\n\n<p>Il Titolare tiene nella massima considerazione il diritto alla privacy e alla protezione dei dati personali degli Interessati.<\/p>\n\n\n\n<p>Per ogni informazione in relazione alla presente informativa privacy, gli Interessati possono <strong>contattare il Titolare<\/strong> in qualsiasi momento, utilizzando le seguenti modalit\u00e0:<\/p>\n\n\n\n<ul class=\"wp-block-list\">\n<li>Inviando una raccomandata a\/r alla sede legale del Titolare: Largo Richini 2, 20122, Milano (Italia);<\/li>\n\n\n\n<li>Inviando un messaggio di posta elettronica al <strong>Data Protection Officer<\/strong> (<strong>DPO) di Beintoo<\/strong><strong>p.a.<\/strong> (<a href=\"mailto:privacy-group@beintoo.com\">privacy-group@beintoo.com<\/a>).<\/li>\n<\/ul>\n\n\n\n<ol class=\"wp-block-list\" start=\"3\">\n<li><strong>COSA FACCIAMO? \u2013 FINALIT\u00c0 DEL TRATTAMENTO <\/strong><\/li>\n<\/ol>\n\n\n\n<p>Gli Interessati possono inviare candidature lavorative al Titolare (tramite il sito web del Titolare e\/o tramite altri canali eventualmente utilizzati dal Titolare per la pubblicazione delle offerte di lavoro o di collaborazione, quali, a titolo esemplificativo, i <em>social network<\/em>) al fine di instaurare un rapporto di lavoro o una collaborazione con la societ\u00e0. In relazione a tale attivit\u00e0, il Titolare raccoglie dati personali relativi agli Interessati.<\/p>\n\n\n\n<p>In particolare, i dati personali degli Interessati saranno lecitamente trattati per le seguenti finalit\u00e0 di trattamento:<\/p>\n\n\n\n<ol class=\"wp-block-list\">\n<li><strong><u>valutare la candidatura dell\u2019Interessato<\/u><\/strong>: i dati personali degli Interessati sono raccolti e trattati dal Titolare al solo fine di evadere la loro richiesta in merito alla possibilit\u00e0 di instaurare un rapporto di lavoro o una collaborazione con il Titolare. I dati degli Interessati raccolti dal Titolare a tale fine includono: nome, cognome, indirizzo e-mail, numero di telefono, informazioni contenute all\u2019interno del <em>Curriculum Vitae<\/em> e\/o lettera di presentazione (quali, a titolo esemplificativo e non esaustivo: data di nascita, contatti, indirizzi, esperienze pregresse, titolo di studio, ecc.), nonch\u00e9 ulteriori dati personali eventualmente e volontariamente comunicati dallo stesso al Titolare anche in fase di colloquio conoscitivo.<\/li>\n<\/ol>\n\n\n\n<p>Nessun altro trattamento verr\u00e0 effettuato dal Titolare in relazione ai dati personali degli Interessati. Fermo restando quanto previsto altrove in questa informativa privacy, in nessun caso il Titolare render\u00e0 accessibili agli altri Interessati e\/o a terzi i dati personali degli Interessati;<\/p>\n\n\n\n<ol class=\"wp-block-list\">\n<li><strong><u>finalit\u00e0 amministrativo-contabili<\/u><\/strong>, ovvero per svolgere attivit\u00e0 di natura organizzativa, amministrativa, finanziaria e contabile, quali attivit\u00e0 organizzative interne ed attivit\u00e0 funzionali all&#8217;adempimento di obblighi contrattuali e precontrattuali;<\/li>\n<\/ol>\n\n\n\n<ol class=\"wp-block-list\">\n<li><strong><u>obblighi di legge<\/u><\/strong>, ovvero per adempiere ad obblighi previsti dalla legge, da un\u2019autorit\u00e0, da un regolamento o dalla normativa europea.<\/li>\n<\/ol>\n\n\n\n<p>Il conferimento dei dati personali per le finalit\u00e0 di trattamento sopra indicate \u00e8 facoltativo ma necessario, poich\u00e9 il mancato conferimento degli stessi comporter\u00e0 l\u2019impossibilit\u00e0 di candidarsi a far parte del <em>team <\/em>del Titolare del trattamento.<\/p>\n\n\n\n<p>I dati personali che sono necessari per il perseguimento delle finalit\u00e0 di trattamento descritte al presente paragrafo 3 sono indicati con un asterisco all\u2019interno del modulo di richiesta (ove presente).<\/p>\n\n\n\n<ol class=\"wp-block-list\" start=\"4\">\n<li><strong>BASE GIURIDICA<\/strong><\/li>\n<\/ol>\n\n\n\n<p><strong><u>Valutare la candidatura dell\u2019Interessato<\/u><\/strong> (cos\u00ec come descritto dal precedente par. 3, lett. a)): la base giuridica consiste nell\u2019art. 6, comma 1, lett. b) del Regolamento, in quanto il trattamento \u00e8 necessario all\u2019esecuzione di un contratto e\/o all\u2019esecuzione di misure precontrattuali adottate su richiesta degli Interessati.<\/p>\n\n\n\n<p><strong><u>Finalit\u00e0 amministrativo-contabili<\/u><\/strong> (cos\u00ec come descritto dal precedente par. 3, lett. b)): la base giuridica consiste nell\u2019art. 6, comma 1, lett. b) del Regolamento, in quanto il trattamento \u00e8 necessario all\u2019esecuzione di un contratto e\/o all\u2019esecuzione di misure precontrattuali adottate su richiesta degli Interessati.<\/p>\n\n\n\n<p><strong><u>Obblighi di legge<\/u><\/strong> (cos\u00ec come descritto dal precedente par. 3, lett. c)): la base giuridica consiste nell\u2019art. 6, comma 1, lett. c) del Regolamento, in quanto il trattamento \u00e8 necessario per adempiere un obbligo legale al quale \u00e8 soggetto il Titolare del trattamento.<\/p>\n\n\n\n<ol class=\"wp-block-list\" start=\"5\">\n<li><strong>MODALIT\u00c0 DI TRATTAMENTO E TEMPI DI CONSERVAZIONE DEI DATI<\/strong><\/li>\n<\/ol>\n\n\n\n<p>Il Titolare tratter\u00e0 i dati personali degli Interessati mediante strumenti manuali ed informatici, con logiche strettamente correlate alle finalit\u00e0 stesse e, comunque, in modo da garantire la sicurezza e la riservatezza dei dati stessi.<\/p>\n\n\n\n<p>I dati personali degli Interessati saranno conservati per i tempi strettamente necessari ad espletare le finalit\u00e0 primarie illustrate al precedente paragrafo 3, e comunque per un massimo di <strong>12 (dodici) mesi<\/strong> salvo sia necessaria una conservazione ulteriore per la tutela in sede civilistica degli interessi sia degli Interessati che del Titolare.<\/p>\n\n\n\n<ol class=\"wp-block-list\" start=\"6\">\n<li><strong>AMBITO DI COMUNICAZIONE E DIFFUSIONE DEI DATI<\/strong><\/li>\n<\/ol>\n\n\n\n<p>I dati personali degli Interessati potranno essere trasferiti al di fuori dell\u2019Unione Europea e, in tal caso, il Titolare si assicurer\u00e0 che il trasferimento avvenga in conformit\u00e0 alla Normativa Applicabile e, in particolare, in conformit\u00e0 agli artt. 45 (Trasferimento sulla base di una decisione di adeguatezza) e 46 (Trasferimento soggetto a garanzie adeguate) del Regolamento.<\/p>\n\n\n\n<p>Potranno venire a conoscenza dei dati personali degli Interessati i dipendenti e\/o collaboratori del Titolare incaricati di gestire le richieste degli Interessati. Tali soggetti, che sono stati istruiti in tal senso dal Titolare ai sensi dell\u2019art. 29 del Regolamento, tratteranno i dati degli Interessati esclusivamente per le finalit\u00e0 indicate nella presente informativa e nel rispetto delle previsioni della Normativa Applicabile.<\/p>\n\n\n\n<p>Potranno inoltre venire a conoscenza dei dati personali degli Interessati i soggetti terzi che potranno trattare dati personali per conto del Titolare in qualit\u00e0 di <strong>Responsabili del Trattamento<\/strong>, quali, a titolo esemplificativo, fornitori di servizi informatici, fornitori di servizi in <em>outsourcing <\/em>o <em>cloud computing<\/em>, professionisti e consulenti.<\/p>\n\n\n\n<p>Gli Interessati hanno il diritto di ottenere una lista degli eventuali responsabili del trattamento nominati dal Titolare, facendone richiesta al Titolare con le modalit\u00e0 indicate al successivo paragrafo 7.<\/p>\n\n\n\n<ol class=\"wp-block-list\" start=\"7\">\n<li><strong>Diritti degli Interessati<\/strong><\/li>\n<\/ol>\n\n\n\n<p>Gli Interessati potranno esercitare i diritti garantiti loro dalla Normativa Applicabile, contattando il Titolare con le seguenti modalit\u00e0:<\/p>\n\n\n\n<ul class=\"wp-block-list\">\n<li>Inviando una raccomandata a\/r alla sede legale del Titolare: Largo Richini 2, 20122, Milano (Italia);<\/li>\n\n\n\n<li>Inviando un messaggio di posta elettronica al <strong>Data Protection Officer<\/strong> (<strong>DPO) di Beintoo<\/strong><strong>p.a.<\/strong> (<a href=\"mailto:privacy-group@beintoo.com\">privacy-group@beintoo.com<\/a>).<\/li>\n<\/ul>\n\n\n\n<p>Ai sensi della Normativa Applicabile, gli Interessati hanno:<\/p>\n\n\n\n<ol class=\"wp-block-list\">\n<li>il diritto di <strong>revocare il consenso<\/strong> in qualsiasi momento, qualora il trattamento si basi sul loro consenso;<\/li>\n\n\n\n<li>il <strong>diritto di accesso<\/strong> ai dati personali;<\/li>\n\n\n\n<li>(laddove applicabile) il <strong>diritto alla portabilit\u00e0<\/strong> dei dati (diritto di ricevere tutti i dati personali che li riguardano in un formato strutturato, di uso comune e leggibile da dispositivo automatico), il <strong>diritto alla limitazione del trattamento<\/strong> dei dati personali, il <strong>diritto alla rettifica<\/strong> e il <strong>diritto alla cancellazione<\/strong> (\u201cdiritto all\u2019oblio\u201d);<\/li>\n\n\n\n<li>il <strong>diritto di opporsi<\/strong>:\n<ol class=\"wp-block-list\">\n<li>in tutto o in parte, per motivi legittimi al trattamento dei dati personali che li riguardano, ancorch\u00e9 pertinenti allo scopo della raccolta;<\/li>\n\n\n\n<li>in tutto o in parte, al trattamento di dati personali che li riguardano a fini di invio di materiale pubblicitario o di vendita diretta o per il compimento di ricerche di mercato o di comunicazione commerciale;<\/li>\n<\/ol>\n<\/li>\n\n\n\n<li>qualora ritenessero che il trattamento che li riguarda violi il Regolamento, il <strong>diritto di proporre reclamo a un\u2019Autorit\u00e0 di controllo<\/strong> (nello Stato membro in cui risiedono abitualmente, in quello in cui lavorano oppure in quello in cui si \u00e8 verificata la presunta violazione). L\u2019Autorit\u00e0 di controllo italiana \u00e8 il Garante per la protezione dei dati personali, con sede in Piazza Venezia, n. 11, 00186 &#8211; Roma (RM) (<a href=\"http:\/\/www.garanteprivacy.it\/)\">http:\/\/www.garanteprivacy.it\/)<\/a>.<\/li>\n<\/ol>\n\n\n\n<hr class=\"wp-block-separator has-alpha-channel-opacity\"\/>\n\n\n\n<p>Il Titolare non \u00e8 responsabile per l\u2019aggiornamento di tutti i <em>link<\/em> visualizzabili nella presente informativa; pertanto, ogni qualvolta un <em>link<\/em> non sia funzionante e\/o aggiornato, l\u2019Interessato riconosce ed accetta che dovr\u00e0 sempre far riferimento al documento e\/o sezione dei siti internet richiamati da tale <em>link.<\/em><\/p>\n\n\n\n<p>Da verificare internamente in linea con le esigenze della divisione HR e quanto effetivamente posto in essere dall\u2019IT.<\/p>\n\n\n\n<p>Il Garante privacy, ad oggi, non ha individuato una tempistica \u201cprecisa\u201d volta a definire il tempo di conservazione dei dati personali dei candidati scartati.<\/p>\n\n\n\n<p>Tuttavia, i criteri principali da tenere in considerazione, in linea con le ultime interpretazioni dell\u2019Autorit\u00e0, sono \u201cproporzionalit\u00e0\u201d ed \u201ceffettiva necessit\u00e0 di conservazione del dato\u201d.<\/p>\n\n\n\n<p>Si potrebbe estendere il periodo di conservazione dei CV e dei dati dei candidati (ad es. fino a 24 mesi) solo se giustificabile a livello interno.<\/p>\n\n\n\n<div style=\"height:100px\" aria-hidden=\"true\" class=\"wp-block-spacer\"><\/div>\n<\/div><\/div>\n","protected":false},"excerpt":{"rendered":"<p>Informativa Privacy Selezione del personale La presente informativa ha lo scopo di fornire tutte le informazioni sul trattamento dei dati personali effettuato da Beintoo S.p.a. quando gli interessati inviano una&#8230;<\/p>\n","protected":false},"author":11,"featured_media":0,"parent":0,"menu_order":0,"comment_status":"closed","ping_status":"closed","template":"","meta":{"_acf_changed":false,"_seopress_robots_primary_cat":"","_seopress_titles_title":"","_seopress_titles_desc":"","_seopress_robots_index":"","inline_featured_image":false,"footnotes":""},"class_list":["post-6187","page","type-page","status-publish"],"acf":[],"_links":{"self":[{"href":"https:\/\/beintoo.com\/es\/wp-json\/wp\/v2\/pages\/6187","targetHints":{"allow":["GET"]}}],"collection":[{"href":"https:\/\/beintoo.com\/es\/wp-json\/wp\/v2\/pages"}],"about":[{"href":"https:\/\/beintoo.com\/es\/wp-json\/wp\/v2\/types\/page"}],"author":[{"embeddable":true,"href":"https:\/\/beintoo.com\/es\/wp-json\/wp\/v2\/users\/11"}],"replies":[{"embeddable":true,"href":"https:\/\/beintoo.com\/es\/wp-json\/wp\/v2\/comments?post=6187"}],"version-history":[{"count":5,"href":"https:\/\/beintoo.com\/es\/wp-json\/wp\/v2\/pages\/6187\/revisions"}],"predecessor-version":[{"id":6223,"href":"https:\/\/beintoo.com\/es\/wp-json\/wp\/v2\/pages\/6187\/revisions\/6223"}],"wp:attachment":[{"href":"https:\/\/beintoo.com\/es\/wp-json\/wp\/v2\/media?parent=6187"}],"curies":[{"name":"wp","href":"https:\/\/api.w.org\/{rel}","templated":true}]}}

Política de privacidad Selección de personal

<div class="wp-block-group"><div class="wp-block-group__inner-container is-layout-constrained wp-block-group-is-layout-constrained">
<h2 class="wp-block-heading"><strong>Informativa Privacy</strong></h2>



<p><strong>Selezione del personale</strong></p>



<p><em>La presente informativa ha lo scopo di fornire tutte le informazioni sul trattamento dei dati personali effettuato da </em><strong><em>Beintoo S.p.a.</em></strong><em> quando gli interessati inviano una candidatura lavorativa (come di seguito meglio indicato).</em></p>



<ol class="wp-block-list">
<li><strong>INTRODUZIONE &#8211; CHI SIAMO?</strong></li>
</ol>



<p><strong>Beintoo S.p.a.</strong> con sede legale in Largo Richini 2, 20122, Milano (Italia), P.IVA e Codice Fiscale n° 07295690965, iscritta al Registro delle Imprese di Milano al n° Mi-1949117 (di seguito, “<strong>Titolare</strong>”), in qualità di <strong>titolare del trattamento dei dati personali</strong> degli interessati che inviano candidature lavorative (di seguito, “<strong>Interessati</strong>”) fornisce qui di seguito l’informativa privacy ai sensi del Regolamento UE 2016/679 del 27 aprile 2016 (di seguito, “<strong>Regolamento</strong>” o “<strong>Normativa Applicabile</strong>”).</p>



<ol class="wp-block-list" start="2">
<li><strong>COME CONTATTARCI?</strong></li>
</ol>



<p>Il Titolare tiene nella massima considerazione il diritto alla privacy e alla protezione dei dati personali degli Interessati.</p>



<p>Per ogni informazione in relazione alla presente informativa privacy, gli Interessati possono <strong>contattare il Titolare</strong> in qualsiasi momento, utilizzando le seguenti modalità:</p>



<ul class="wp-block-list">
<li>Inviando una raccomandata a/r alla sede legale del Titolare: Largo Richini 2, 20122, Milano (Italia);</li>



<li>Inviando un messaggio di posta elettronica al <strong>Data Protection Officer</strong> (<strong>DPO) di Beintoo</strong><strong>p.a.</strong> (<a href="mailto:privacy-group@beintoo.com">privacy-group@beintoo.com</a>).</li>
</ul>



<ol class="wp-block-list" start="3">
<li><strong>COSA FACCIAMO? – FINALITÀ DEL TRATTAMENTO </strong></li>
</ol>



<p>Gli Interessati possono inviare candidature lavorative al Titolare (tramite il sito web del Titolare e/o tramite altri canali eventualmente utilizzati dal Titolare per la pubblicazione delle offerte di lavoro o di collaborazione, quali, a titolo esemplificativo, i <em>social network</em>) al fine di instaurare un rapporto di lavoro o una collaborazione con la società. In relazione a tale attività, il Titolare raccoglie dati personali relativi agli Interessati.</p>



<p>In particolare, i dati personali degli Interessati saranno lecitamente trattati per le seguenti finalità di trattamento:</p>



<ol class="wp-block-list">
<li><strong><u>valutare la candidatura dell’Interessato</u></strong>: i dati personali degli Interessati sono raccolti e trattati dal Titolare al solo fine di evadere la loro richiesta in merito alla possibilità di instaurare un rapporto di lavoro o una collaborazione con il Titolare. I dati degli Interessati raccolti dal Titolare a tale fine includono: nome, cognome, indirizzo e-mail, numero di telefono, informazioni contenute all’interno del <em>Curriculum Vitae</em> e/o lettera di presentazione (quali, a titolo esemplificativo e non esaustivo: data di nascita, contatti, indirizzi, esperienze pregresse, titolo di studio, ecc.), nonché ulteriori dati personali eventualmente e volontariamente comunicati dallo stesso al Titolare anche in fase di colloquio conoscitivo.</li>
</ol>



<p>Nessun altro trattamento verrà effettuato dal Titolare in relazione ai dati personali degli Interessati. Fermo restando quanto previsto altrove in questa informativa privacy, in nessun caso il Titolare renderà accessibili agli altri Interessati e/o a terzi i dati personali degli Interessati;</p>



<ol class="wp-block-list">
<li><strong><u>finalità amministrativo-contabili</u></strong>, ovvero per svolgere attività di natura organizzativa, amministrativa, finanziaria e contabile, quali attività organizzative interne ed attività funzionali all&#8217;adempimento di obblighi contrattuali e precontrattuali;</li>
</ol>



<ol class="wp-block-list">
<li><strong><u>obblighi di legge</u></strong>, ovvero per adempiere ad obblighi previsti dalla legge, da un’autorità, da un regolamento o dalla normativa europea.</li>
</ol>



<p>Il conferimento dei dati personali per le finalità di trattamento sopra indicate è facoltativo ma necessario, poiché il mancato conferimento degli stessi comporterà l’impossibilità di candidarsi a far parte del <em>team </em>del Titolare del trattamento.</p>



<p>I dati personali che sono necessari per il perseguimento delle finalità di trattamento descritte al presente paragrafo 3 sono indicati con un asterisco all’interno del modulo di richiesta (ove presente).</p>



<ol class="wp-block-list" start="4">
<li><strong>BASE GIURIDICA</strong></li>
</ol>



<p><strong><u>Valutare la candidatura dell’Interessato</u></strong> (così come descritto dal precedente par. 3, lett. a)): la base giuridica consiste nell’art. 6, comma 1, lett. b) del Regolamento, in quanto il trattamento è necessario all’esecuzione di un contratto e/o all’esecuzione di misure precontrattuali adottate su richiesta degli Interessati.</p>



<p><strong><u>Finalità amministrativo-contabili</u></strong> (così come descritto dal precedente par. 3, lett. b)): la base giuridica consiste nell’art. 6, comma 1, lett. b) del Regolamento, in quanto il trattamento è necessario all’esecuzione di un contratto e/o all’esecuzione di misure precontrattuali adottate su richiesta degli Interessati.</p>



<p><strong><u>Obblighi di legge</u></strong> (così come descritto dal precedente par. 3, lett. c)): la base giuridica consiste nell’art. 6, comma 1, lett. c) del Regolamento, in quanto il trattamento è necessario per adempiere un obbligo legale al quale è soggetto il Titolare del trattamento.</p>



<ol class="wp-block-list" start="5">
<li><strong>MODALITÀ DI TRATTAMENTO E TEMPI DI CONSERVAZIONE DEI DATI</strong></li>
</ol>



<p>Il Titolare tratterà i dati personali degli Interessati mediante strumenti manuali ed informatici, con logiche strettamente correlate alle finalità stesse e, comunque, in modo da garantire la sicurezza e la riservatezza dei dati stessi.</p>



<p>I dati personali degli Interessati saranno conservati per i tempi strettamente necessari ad espletare le finalità primarie illustrate al precedente paragrafo 3, e comunque per un massimo di <strong>12 (dodici) mesi</strong> salvo sia necessaria una conservazione ulteriore per la tutela in sede civilistica degli interessi sia degli Interessati che del Titolare.</p>



<ol class="wp-block-list" start="6">
<li><strong>AMBITO DI COMUNICAZIONE E DIFFUSIONE DEI DATI</strong></li>
</ol>



<p>I dati personali degli Interessati potranno essere trasferiti al di fuori dell’Unione Europea e, in tal caso, il Titolare si assicurerà che il trasferimento avvenga in conformità alla Normativa Applicabile e, in particolare, in conformità agli artt. 45 (Trasferimento sulla base di una decisione di adeguatezza) e 46 (Trasferimento soggetto a garanzie adeguate) del Regolamento.</p>



<p>Potranno venire a conoscenza dei dati personali degli Interessati i dipendenti e/o collaboratori del Titolare incaricati di gestire le richieste degli Interessati. Tali soggetti, che sono stati istruiti in tal senso dal Titolare ai sensi dell’art. 29 del Regolamento, tratteranno i dati degli Interessati esclusivamente per le finalità indicate nella presente informativa e nel rispetto delle previsioni della Normativa Applicabile.</p>



<p>Potranno inoltre venire a conoscenza dei dati personali degli Interessati i soggetti terzi che potranno trattare dati personali per conto del Titolare in qualità di <strong>Responsabili del Trattamento</strong>, quali, a titolo esemplificativo, fornitori di servizi informatici, fornitori di servizi in <em>outsourcing </em>o <em>cloud computing</em>, professionisti e consulenti.</p>



<p>Gli Interessati hanno il diritto di ottenere una lista degli eventuali responsabili del trattamento nominati dal Titolare, facendone richiesta al Titolare con le modalità indicate al successivo paragrafo 7.</p>



<ol class="wp-block-list" start="7">
<li><strong>Diritti degli Interessati</strong></li>
</ol>



<p>Gli Interessati potranno esercitare i diritti garantiti loro dalla Normativa Applicabile, contattando il Titolare con le seguenti modalità:</p>



<ul class="wp-block-list">
<li>Inviando una raccomandata a/r alla sede legale del Titolare: Largo Richini 2, 20122, Milano (Italia);</li>



<li>Inviando un messaggio di posta elettronica al <strong>Data Protection Officer</strong> (<strong>DPO) di Beintoo</strong><strong>p.a.</strong> (<a href="mailto:privacy-group@beintoo.com">privacy-group@beintoo.com</a>).</li>
</ul>



<p>Ai sensi della Normativa Applicabile, gli Interessati hanno:</p>



<ol class="wp-block-list">
<li>il diritto di <strong>revocare il consenso</strong> in qualsiasi momento, qualora il trattamento si basi sul loro consenso;</li>



<li>il <strong>diritto di accesso</strong> ai dati personali;</li>



<li>(laddove applicabile) il <strong>diritto alla portabilità</strong> dei dati (diritto di ricevere tutti i dati personali che li riguardano in un formato strutturato, di uso comune e leggibile da dispositivo automatico), il <strong>diritto alla limitazione del trattamento</strong> dei dati personali, il <strong>diritto alla rettifica</strong> e il <strong>diritto alla cancellazione</strong> (“diritto all’oblio”);</li>



<li>il <strong>diritto di opporsi</strong>:
<ol class="wp-block-list">
<li>in tutto o in parte, per motivi legittimi al trattamento dei dati personali che li riguardano, ancorché pertinenti allo scopo della raccolta;</li>



<li>in tutto o in parte, al trattamento di dati personali che li riguardano a fini di invio di materiale pubblicitario o di vendita diretta o per il compimento di ricerche di mercato o di comunicazione commerciale;</li>
</ol>
</li>



<li>qualora ritenessero che il trattamento che li riguarda violi il Regolamento, il <strong>diritto di proporre reclamo a un’Autorità di controllo</strong> (nello Stato membro in cui risiedono abitualmente, in quello in cui lavorano oppure in quello in cui si è verificata la presunta violazione). L’Autorità di controllo italiana è il Garante per la protezione dei dati personali, con sede in Piazza Venezia, n. 11, 00186 &#8211; Roma (RM) (<a href="http://www.garanteprivacy.it/)">http://www.garanteprivacy.it/)</a>.</li>
</ol>



<hr class="wp-block-separator has-alpha-channel-opacity"/>



<p>Il Titolare non è responsabile per l’aggiornamento di tutti i <em>link</em> visualizzabili nella presente informativa; pertanto, ogni qualvolta un <em>link</em> non sia funzionante e/o aggiornato, l’Interessato riconosce ed accetta che dovrà sempre far riferimento al documento e/o sezione dei siti internet richiamati da tale <em>link.</em></p>



<p>Da verificare internamente in linea con le esigenze della divisione HR e quanto effetivamente posto in essere dall’IT.</p>



<p>Il Garante privacy, ad oggi, non ha individuato una tempistica “precisa” volta a definire il tempo di conservazione dei dati personali dei candidati scartati.</p>



<p>Tuttavia, i criteri principali da tenere in considerazione, in linea con le ultime interpretazioni dell’Autorità, sono “proporzionalità” ed “effettiva necessità di conservazione del dato”.</p>



<p>Si potrebbe estendere il periodo di conservazione dei CV e dei dati dei candidati (ad es. fino a 24 mesi) solo se giustificabile a livello interno.</p>



<div style="height:100px" aria-hidden="true" class="wp-block-spacer"></div>
</div></div>
